14 + (7 - (9 + -13 - -6)).
8
Calculate 25 - (-5 - (10 - 53)).
-13
Calculate -8 + 6 + (-14 - -14).
-2
What is the value of 6 - ((9 + -18 - -15) + 4)?
-4
Calculate (-13 - (8 - 13)) + (4 + 2 - 1).
-3
What is the value of (-8 - -3) + 6 + 11?
12
What is the value of -24 - -2 - ((15 - -1) + (-24 - -8))?
-22
Evaluate -3 - ((-34 - -13 - 9) + 7).
20
Evaluate (-2 - -5) + (-3 - -2 - 0).
2
(129 - 120) + 11 + (1 - 2)
19
What is 82 + -100 + -4 + 2 + 0 + -6?
-26
What is the value of (18 - -21) + -42 - -34?
31
What is 5 + -2 + 8 + 1?
12
Evaluate -11 - -9 - ((4 - 3) + -6).
3
What is 1 + 0 - (-3 - (-8 - (-8 - -5)))?
-1
-43 - (-15 + -5) - -44
21
-8 + (4 + 1 - (3 + 0))
-6
(-3 - -3 - -6) + (-462 - -482)
26
What is the value of -16 + 5 + 14 - -10?
13
What is the value of 20 + (-13 - -3) + -12 - 5?
-7
Calculate (2 - 10 - 10 - 4) + (-3 - 1).
-26
Evaluate -19 - (28 + -24 + -14).
-9
What is the value of -25 - (-42 + 19 + 8)?
-10
Evaluate (0 - 13) + 34 - (16 + -1).
6
(-1 - 0) + (-214 - -194) + 6
-15
(3 - -6 - 2) + -2 - (48 - 54)
11
(-3 - (-7 + 3) - 4) + (-1 - 4)
-8
What is the value of -13 + -4 + 1 + 14 + -9?
-11
What is the value of -583 - -566 - (-1 - -1)?
-17
Evaluate 20 + 16 + -61 - (2 + 4).
-31
What is -17 - 3 - (-6 + 6 + -1 + -1)?
-18
129 - 117 - (9 + -1)
4
-100 + 89 + 22 + -2
9
Calculate -18 - (-21 - -13 - 14).
4
-18 - (-2 - (12 - 4) - -1)
-9
Calculate 14 - (21 + 0) - -5.
-2
Evaluate 4 + 4 + 9 + -21 + 1.
-3
(-6 + (8 - 8) - -5 - 0) + 13
12
What is the value of (10 - 3) + (-115 - -102)?
-6
Evaluate -16 - (17 + -32) - (1 - 18).
16
21 - (-1 - (-5 - (-9 + 11)))
15
Calculate 5 + (1 - (8 + 1)) + 10 - 0.
7
What is the value of -13 + (-2 - -3) - (-87 - -65)?
10
What is -6 - (-37 + 5 + 12 + -1)?
15
What is the value of 3 + (-8 + 17 - (5 + (12 - 11)))?
6
Calculate -13 + (-2 - (-7 + -6 + 5)).
-7
Calculate -14 + (8 + 3 - -3 - -7).
7
Calculate 11 + -9 + 11 + -26.
-13
Evaluate (4 - 0) + 3 + -1 + 78 + -88.
-4
Evaluate (-20 - (-6 - 3)) + -4.
-15
Evaluate -7 - 9 - (-13 + -20).
17
What is the value of 2 + -13 + (2 - -21)?
12
Calculate 49 + -58 - (-17 - 7).
15
Evaluate (-3 - (3 - 0) - (-32 + 35)) + 35.
26
Evaluate (-12 - 9) + 7 - (12 - 2).
-24
Calculate 12 - (-11 + 3 - (-5 + 0)).
15
What is the value of 9 + -28 + -41 + 42?
-18
1 + -26 - (-28 + 12 - -5)
-14
What is -53 - -36 - (-5 + -7)?
-5
Evaluate -7 + 1 - (5 + -3 + 1 + 3).
-12
What is the value of 1 + (10 - 2 - (12 + -15 + 18))?
-6
What is -31 + (0 - 0) + -4 + 11 + 3?
-21
Evaluate -17 + -1 + -183 + 202 - (-2 - -32).
-29
What is the value of 0 + (3 - (-12 - (12 + -16)))?
11
What is the value of (6 - -1) + (-17 - (-18 - -21) - -15)?
2
Evaluate (17 - (-2 + 8)) + (37 - 35).
13
Evaluate (983 - 987) + (0 - 1) + 13.
8
(5 - -13) + (-19 - -1)
0
Calculate (1 - 7) + (-16 - -35) + -1 + -16.
-4
Calculate 0 + (23 - (-41 + 71)) + 0 + -23.
-30
Evaluate (-10 - 0) + (-4 - (-5 - (7 - 8))).
-10
What is the value of 11 + (1 + -1 - (3 - 12))?
20
Evaluate -14 + -3 + (8 - -3) + 0 + 7.
1
Evaluate 21 + -56 + (-21 - -81).
25
What is the value of -3 + ((3 - 10) + 8 - 1 - -6)?
3
Calculate (-6 - -18 - 17) + -15 - 18.
-38
1 - 4 - (-12 + -2 + 0)
11
(0 - 18) + 4 - (-316 + 309)
-7
Evaluate 5 - (13 + -21) - (7 - -2).
4
Evaluate (-4 + 0 - (8 + -8)) + 6.
2
What is the value of -3 - ((4 - (3 - 1)) + -14 + 11)?
-2
Calculate (3 - (5 + 10)) + -23 + 1 + 8.
-26
What is the value of (-5 - -15) + (9 - 6 - (3 + -1))?
11
Calculate 3 + 1 + -6 + 1.
-1
What is (-7 - -2 - -5) + 8 + 1 + 0?
9
What is the value of -10 - ((25 - (-14 + 29)) + (-7 - -1))?
-14
Evaluate 38 + -17 + -2 + -2.
17
Calculate -7 + ((9 - 2) + 6 + -8 - -1).
-1
What is -7 + 1 + 1 - (-2130 - -2113)?
12
What is the value of 10 + -5 + (5 - -2) + -4?
8
What is the value of -1 + (-2 - (-5 - (-6 + -2) - -1))?
-7
Calculate (15 - (15 - -23)) + 17 + -15.
-21
14 - (21 - 13) - (0 + (1 - 2))
7
54 - 20 - (-40 + 54)
20
Evaluate 18 - (51 + -17) - -22.
6
What is the value of -1 + (0 - (-2 - -5)) + -7 + 6?
-5
Calculate 12 + (42 + -35 - (-4 + 0)).
23
Calculate (4 - -18 - 10) + -4 - -10.
18
Evaluate -359 - -351 - (3 + -2 + 2).
-11
What is 23 - (23 + -6 - 6)?
12
-1 + -1 + -8 + (18 - 13)
-5
What is 1 - 7 - ((-2 - -6) + -5) - -1?
-4
What is the value of -9 - (0 - 3) - (-15 + 2)?
7
(19 - (-11 + 19)) + 3 + 0 + 7
21
Calculate 8 + -19 + 36 + -14 + 12.
23
Evaluate 26 + -31 - (-1 - 1) - -9.
6
Evaluate -14 - (-4 + (2 - 10 - -4)).
-6
-9 - (2 + -1 + -7)
-3
What is (16 - (8 + -11)) + 8 + -14?
13
-40 + (0 - (-50 + 14))
-4
3 + 2 + 3 + 1 + -15 - -19
13
Evaluate 5 - (-3 - -7) - (12 - -1).
-12
Calculate 22 + 1 + (0 + -31 - (229 - 266)).
29
Evaluate 3 - -9 - 4 - 20.
-12
Evaluate -3 - (-2 - -4) - (9 + 6 + -5).
-15
What is the value of (71 - 64) + (6 - 3 - 0)?
10
Calculate -6 - (-17 - -2) - (21 + 5).
-17
75 + -114 + -10 + 27
-22
Calculate 1 + -3 + (-2 - -8) + -1.
3
What is the value of -3 + 11 - (0 + 1 + 1 - -3)?
3
Calculate -15 + 91 + -41 - 53.
-18
Calculate 665 - 666 - (13 - -1).
-15
What is (74 - 79) + (-1 + 2 - -13)?
9
What is 9 - (3 + 8 + -5 + -2)?
5
What is the value of (1 - 3) + 15 + -29 + 17?
1
What is the value of 9 - (9 + -1 + -4)?
5
Calculate -10 + -6 + (31 - 9) - (-17 - -1).
22
Calculate (1 + -7 - -13) + -21 - -1 - -5.
-8
Calculate 8 + 1 + -5 + -1 + -9.
-6
What is the value of -2 + 0 + (15 - (-10 - (-15 + -5)))?
3
Evaluate (26 - (20 + -21)) + -31.
-4
Calculate -13 + (16 - (-34 - (-17 + 3))).
23
Evaluate -23 - (-15 + -13 + 14).
-9
What is the value of -1 + 2 + (41 - (6 + 48))?
-12
What is 10 + -2 + -2 + (11 - 3 - 5)?
9
What is (-7 - (7 + (-4 - 16)) - 6) + 34?
34
Evaluate 6 - (4 - (-4 - (14 + -6))).
-10
What is 10 + -32 - (180 + -164)?
-38
Evaluate -7 + 9 - 0 - (16 + (-6 - -4)).
-12
5 - (-8 - (2 - 1))
14
What is 0 - (4 + -24 + 8 + 6)?
6
Evaluate (4 - 27) + (-16 + 14 - -9).
-16
1 - (6 + -1 + 9 + (-9 - 10))
6
-18 + 3 - (106 - 119)
-2
What is the value of (28 - (-29 - -38)) + (-2 - (-3 - -1))?
19
Calculate 7 - ((2 - 0) + 11 + 13).
-19
What is (-6 + -26 - -12) + 13?
-7
What is the value of 5 - (6 + -2 - -11)?
-10
13 + 2 - (-89 - -77)
27
Calculate -14 + 16 + -22 - (2 - (6 - 0)).
-16
What is (11 - 6 - 5) + 0 + -8?
-8
Evaluate (24 - (-23 + 24)) + -22.
1
Calculate -15 - (-8 - -3 - 6).
-4
What is the value of -21 - (16 + -7 + -4 + -1 + -6)?
-19
What is (10 + -7 - -5) + 1 + -6 + 2?
5
Evaluate -12 + 6 - ((7 + 3 - 8) + -27).
19
Calculate 11 + (13 + -1 - (1 - -42)) + -8.
-28
Evaluate -18 - (-4 - 7 - (-19 + 56)).
30
What is the value of -3 + 18 + -18 - (-1 + (2 - -5))?
-9
(9 - 19) + (-19 - -15)
-14
What is 16 + -13 + 36 + -15?
24
What is the value of 3 - (-3 + 22 - 10) - 2?
-8
Evaluate 1 + -7 + (-4 - -1 - (-215 + 215)).
-9
Evaluate (16 - (4 - -4) - 4) + -21.
-17
Calculate (7 + -7 - (8 + -1)) + 18.
11
Calculate 29 - -2 - (0 + 1 + (-93 - -86)).
37
What is the value of -16 + (12 - 3) + -13?
-20
What is the value of (30 - (-30 - -44)) + -19?
-3
What is (46 - (-24 - -33)) + -63?
-26
What is -25 + (22 - (-7 - -20))?
-16
Evaluate 5 - (-4 + 6 + -6) - 6.
3
What is the value of 3 - (-1 + 0 - (27 - 15 - 16))?
0
2 + 6 + (-4 - (-9 - -12)) + 12
13
Evaluate -9 + 39 + -20 + (0 - -8).
18
-6 - ((-2 - 26 - -11) + 8)
3
What is 9 - -1 - (-1 - (-2 + 9))?
18
10 + (5 - (0 - -2) - (178 - 173))
8
What is the value of -12 - (-8 + (0 - -9 - 4))?
-9
What is -17 + (-6 - -20) + -5 + -8?
-16
What is 1 - (-1 + 9) - (-59 + 60) - -12?
4
Calculate (4 + -2 - (0 + -2)) + -90 + 93.
7
Calculate 0 + -5 + (20 - 2) - (8 + -9).
14
What is 7 + -4 + -2 + 13 + -1?
13
Calculate (-19 - (-21 + 7)) + 16.
11
Calculate 6 + (-253 + 269 - (4 + 0)).
18
-5 + (9 + -10 - 5) + -4
-15
Evaluate -4 + (-9 - 1 - -5) - -19.
10
Evaluate (-35 - (-17 + -43)) + 1 + 3.
29
What is the value of -7 - -7 - -34 - (12 - 8)?
30
173 + -177 + (-2 - -2) + 5
1
Calculate -76 + 64 + (12 - -3).
3
What is the value of 0 - -5 - (5 - 5 - -4)?
1
1 - ((4 - (-8 - -13)) + 8 - -1)
-7
What is -2 + 14 + -2 - 8?
2
What is the value of 12 - -8 - 18 - (3 - 2 - 9)?
10
What is the value of -3 - (0 - 0) - ((-6 - -5) + -6)?
4
Calculate 5 - (17 - 21) - (21 + (-9 - -7)).
-10
0 + 25 - (72 + -55) - 16
-8
Evaluate -46 + 32 + -3 + 24.
7
Calculate (236 - 249) + 0 + -2 + 0 + 5.
-10
-48 + 36 - ((1 - 9) + 3) - 5
-12
Calculate 8 + (14 + -6 - 19 - -5) - 6.
-4
What is the value of -2 + 31 - (38 - 32 - (9 + -3))?
29
(16 - (6 - 2)) + -19 + 7
0
What is 529 + -536 + (-1